7?
6
Let d(m) = 2*m**2 - 19*m - 20. Suppose 4*h = -4*f + 40, -2*f = -h - 12 - 2. What is the remainder when d(11) is divided by f?
5
Let c = 35 - 21. Let r(i) = -4*i**2 - 4*i + 13. Let d(l) = -l**2 - l + 3. Let z(u) = -26*d(u) + 6*r(u). Calculate the remainder when z(-5) is divided by c.
12
Calculate the remainder when ((-4347)/(-23))/(1 + 0) is divided by 38.
37
Let k(t) = t**3 - 9*t**2 + t - 3. What is the remainder when 26 is divided by k(9)?
2
Let c(r) = 9*r - 1. Let u be c(1). Suppose 3*d - u + 5 = 0. Calculate the remainder when 1 is divided by d.
0
Let f = -112 - -134. What is the remainder when 64 is divided by f?
20
Let m = 134 + -80. What is the remainder when m is divided by 3?
0
Let o(c) = 4*c**2 - 11*c - 25. Calculate the remainder when o(8) is divided by 18.
17
Let h(t) = 2*t**2 - 2*t + 6. Let m(j) = -5*j + 5. Calculate the remainder when m(-6) is divided by h(3).
17
Suppose 13*x = 6*x + 210. What is the remainder when 119 is divided by x?
29
Let z = 4 - -1. What is the remainder when z is divided by 3?
2
Let a(o) = -o. Calculate the remainder when (7/4)/((-5)/(-20)) is divided by a(-4).
3
Let t(p) = p**3 + 3*p**2 - 2*p + 2. Let r be t(-3). What is the remainder when ((-24)/(-14))/(r/28) is divided by 4?
2
Suppose r - 9 = -2*r. Calculate the remainder when r is divided by 245/77 - (-2)/(-11).
0
Suppose -2*f = -3*f + 18. What is the remainder when 69 is divided by f?
15
Let x(m) = -10*m**2 - 9*m. Let r(b) = -9*b**2 - 8*b. Let q(z) = -6*r(z) + 5*x(z). Calculate the remainder when q(-3) is divided by 10.
7
Suppose -3*h + 5*p = h + 84, -h + 3*p - 14 = 0. Let n = h + 39. Calculate the remainder when 1/(2 + 150/(-76)) is divided by n.
12
Suppose -4*k + k = 4*v - 933, 4*v - 3*k - 915 = 0. Let h = -157 + v. Suppose 0 = 4*q - h - 18. What is the remainder when q is divided by 8?
7
Let m(s) be the third derivative of -s**5/60 + 10*s**3 + 3*s**2. What is the remainder when m(0) is divided by 31?
29
Calculate the remainder when 90 is divided by (2 - (0 - -1))*161/7.
21
Suppose 5 = 3*y + 3*d - 7, 0 = 4*y + 5*d - 18. Calculate the remainder when 6 is divided by y.
0
Suppose 3*r + 4 = r. Let f(h) = -3*h**3 - h**2 + 2. Let j be f(r). Let t = -3 + j. What is the remainder when t is divided by 10?
9
Let o = 36 - 10. Calculate the remainder when 50 is divided by o.
24
Suppose 5*m = 2*p + 21, 0*m + 2*m - 5*p = 0. Suppose 4*q - 38 = 18. Calculate the remainder when q is divided by m.
4
Suppose 3*u = -6 - 18. Let c(a) = -a + 1. What is the remainder when 16 is divided by c(u)?
7
Suppose 7*s - 6*s = 121. What is the remainder when s is divided by 31?
28
Suppose -4*k + 5 = -3*k. Suppose -5*f + 4*t + 37 = -45, k*f + t - 67 = 0. What is the remainder when 68 is divided by f?
12
Suppose 0*a - 2*s - 53 = -a, 2*a - 100 = -2*s. Calculate the remainder when a is divided by 81/3 + (-2)/2.
25
Suppose -3*n - 2*n = -470. Calculate the remainder when n is divided by 19.
18
Let d = -4 - -48. Let h(f) = 2*f**2 + 3*f - 5. Calculate the remainder when d is divided by h(-4).
14
Let w be (-3 - 1) + 2/1. Let m(h) be the second derivative of -3*h**5/20 - h**4/12 + h**2/2 - 12*h. What is the remainder when m(w) is divided by 6?
3
Let s = 35 - -47. Suppose 0 = 3*q - 5*g - s, -3*g + g = -q + 27. What is the remainder when q is divided by (-352)/(-36) + 2/9?
9
Suppose 4*y = 5*v - 259, -3*v - y = v - 203. What is the remainder when v is divided by 18?
15
Suppose -2*s - 3 = -37. Calculate the remainder when 49 is divided by s.
15
Suppose -d - d - 24 = -5*g, 4*g - 26 = 5*d. Suppose -4*a = -s - 7*a + 8, -g*a = 3*s - 39. What is the remainder when 33 is divided by s?
16
Suppose -4*h - 46 + 122 = 0. Let a = -2 - -13. Suppose 0 = -3*k - 2*z + 36, 2*k + z - a = 12. Calculate the remainder when h is divided by k.
9
Suppose 0 = 5*r - 4*r - 14. Suppose 3*f - 4*f + r = 0. What is the remainder when f is divided by (-1 - 1)/(2/(-8))?
6
Let n(s) = -4*s + 6. What is the remainder when 15 is divided by n(-1)?
5
Let o = -87 - -42. Let u = -30 - o. Calculate the remainder when 59 is divided by u.
14
Suppose 3*i + 1 - 64 = 0. Let f = i + -14. Let q(x) = x**2 - 5*x + 10. What is the remainder when q(f) is divided by 13?
11
Suppose -2*k + 7 = -37. What is the remainder when k is divided by 6/5*60/9?
6
Suppose -3*k + 4*k - 37 = 0. Suppose z = -3*z + 20. Calculate the remainder when k is divided by (0 - 0) + 65/z.
11
Suppose p = 4 - 0. Suppose p*r + 156 = 4*u, -6*u + 3*u + r = -107. What is the remainder when u is divided by 13?
8
Let u(k) = k**2 + k - 1. Let p(c) = -17*c**2 - 5*c + 6. Let a(t) = -p(t) - 6*u(t). Calculate the remainder when 17 is divided by a(1).
7
Suppose -2*z + 3 + 17 = 0. Suppose -3*u - 2*d + 70 = 3*d, -5*d + z = -u. Calculate the remainder when u is divided by 8.
7
Suppose -3*l = b - 32, -80 - 16 = -3*b + 2*l. Calculate the remainder when 62 is divided by b.
30
Let h(n) = 2*n**3 - n**2 - n - 1. Let p be h(-1). Suppose 3*l = l - 88. Calculate the remainder when 40 is divided by 14/(-21) + l/p.
12
Suppose -3*r - 607 = 41. Let k be (-8)/20 + r/10. Calculate the remainder when (-2)/(-8) - k/8 is divided by 3.
0
Let r be (-1)/(3 + 13/(-4)). Suppose -14 = -r*b + 6. Calculate the remainder when 8 is divided by b.
3
Let c(p) = -p**3 - 3*p**2 - p + 9. What is the remainder when c(-5) is divided by 17?
13
Let a be (-7 + 0)*(-2)/7. Let y be a/(-4)*0 + 5. Suppose -66 = -y*h - q, 0*h + 5*h - q = 74. Calculate the remainder when 27 is divided by h.
13
Let i(g) = -g + 11. What is the remainder when i(7) is divided by 2?
0
Let y(d) = -50*d**2 - d. Let t be y(-1). Let f = -24 - t. What is the remainder when f is divided by 13?
12
Suppose 0 = -0*h + 4*h. Suppose h = -2*q + j + 5, 3*q + 2*j = -j + 3. Calculate the remainder when 3 is divided by q.
1
Let f = -16 - -51. Let d = f - 25. What is the remainder when 28 is divided by d?
8
Let w(i) = 4*i**2 - i. Calculate the remainder when 7 is divided by w(-1).
2
Let t be 24/14 + 22/77. What is the remainder when (-478)/(-4) + 3/t is divided by 31?
28
Let h = 40 + -20. Let g = -21 - -80. Calculate the remainder when g is divided by h.
19
Let q = -9 - -9. Suppose q = -2*v + 2*i + 60, -4*v + i = -0*i - 108. What is the remainder when v is divided by 5/25 - (-138)/10?
12
Suppose -4*f + 25 = 2*y - 7*f, 4*y - 4*f - 44 = 0. Suppose 0 = 3*z, 2*q = 5*q - 4*z - 18. What is the remainder when (q - -1)*(-13 + 16) is divided by y?
5
Suppose -3*u - 4 = -2*u. Let y(g) = 3*g**2 + g + 3. Calculate the remainder when y(u) is divided by 16.
15
Let h(d) = -d + 4. Let w be h(12). Let o(j) = -8*j - 14. What is the remainder when o(w) is divided by 17?
16
Let f(o) = o**3 + 7*o**2 + 4*o. Let b be (-204)/33 - 2/(-11). Calculate the remainder when 46 is divided by f(b).
10
Suppose -1 = 2*a - 5*b + 1, 3*b - 18 = -3*a. Suppose 115 = -4*m + 4*h - 29, 0 = 2*h + a. What is the remainder when (-2)/((-72)/m - 2) is divided by 7?
5
Let r(u) = -2*u - 4. Let w be r(-3). Suppose -3*a = w*s - 31, -4*s + 58 = 2*a - 16. Let k = 6 - -1. Calculate the remainder when s is divided by k.
6
Let a = -32 + 14. What is the remainder when ((-3)/6)/((-1)/26) is divided by (12/a)/((-4)/42)?
6
Let t = -185 + 106. Let i = -53 - t. Suppose -a + 29 = 2*a + p, -5*a = 2*p - 49. Calculate the remainder when i is divided by a.
8
Suppose 2 = -5*j + 92. Calculate the remainder when j is divided by 7.
4
Let y = -1 + 10. Let j = 18 - y. Let a = 17 + 0. What is the remainder when a is divided by j?
8
Calculate the remainder when 19 is divided by -1 + 39*(3/(-9))/(-1).
7
Suppose 5*m - 7*m + 28 = 0. What is the remainder when 68 is divided by m?
12
Let q = -32 + 50. Calculate the remainder when 465/9 - (-2)/6 is divided by q.
16
Let u = 1 + -1. Suppose u = -7*b + 4*b + 12. Suppose -16 = -4*i - 4. What is the remainder when b is divided by i?
1
Let s(q) = q**3 + q**2 + 2*q + 2. Calculate the remainder when 6 is divided by s(0).
0
Let a(p) = -3*p + 1. Calculate the remainder when a(-10) is divided by 17.
14
Let f = 27 + -15. What is the remainder when f is divided by 7?
5
Let s be ((-9)/(-2))/((-1)/(-2)). Suppose -5*f + s + 1 = 0. What is the remainder when (-2 + 33/f)*2 is divided by 10?
9
Suppose -2*p + 140 = 4*f, f - 41 = -0*f + p. Suppose -4*y - 16 = -92. What is the remainder when f is divided by y?
18
Suppose